[INFO] cloning repository https://github.com/Saetch/first_rust_project
[INFO] running `Command { std: "git" "-c" "credential.helper=" "-c" "credential.helper=/workspace/cargo-home/bin/git-credential-null" "clone" "--bare" "https://github.com/Saetch/first_rust_project" "/workspace/cache/git-repos/https%3A%2F%2Fgithub.com%2FSaetch%2Ffirst_rust_project", kill_on_drop: false }`
[INFO] [stderr] Cloning into bare repository '/workspace/cache/git-repos/https%3A%2F%2Fgithub.com%2FSaetch%2Ffirst_rust_project'...
[INFO] running `Command { std: "git" "rev-parse" "HEAD", kill_on_drop: false }`
[INFO] [stdout] 6353ff170a5e5ec4a97cd6537f348e5c30a1d111
[INFO] checking Saetch/first_rust_project against master#e6e4f7ed1589e03bc2f6c5931c1a72e7947e8682 for beta-170-4
[INFO] running `Command { std: "git" "clone" "/workspace/cache/git-repos/https%3A%2F%2Fgithub.com%2FSaetch%2Ffirst_rust_project" "/workspace/builds/worker-1-tc2/source", kill_on_drop: false }`
[INFO] [stderr] Cloning into '/workspace/builds/worker-1-tc2/source'...
[INFO] [stderr] done.
[INFO] validating manifest of git repo https://github.com/Saetch/first_rust_project on toolchain e6e4f7ed1589e03bc2f6c5931c1a72e7947e8682
[INFO] running `Command { std: CARGO_HOME="/workspace/cargo-home" RUSTUP_HOME="/workspace/rustup-home" "/workspace/cargo-home/bin/cargo" "+e6e4f7ed1589e03bc2f6c5931c1a72e7947e8682" "metadata" "--manifest-path" "Cargo.toml" "--no-deps", kill_on_drop: false }`
[INFO] started tweaking git repo https://github.com/Saetch/first_rust_project
[INFO] finished tweaking git repo https://github.com/Saetch/first_rust_project
[INFO] tweaked toml for git repo https://github.com/Saetch/first_rust_project written to /workspace/builds/worker-1-tc2/source/Cargo.toml
[INFO] crate git repo https://github.com/Saetch/first_rust_project already has a lockfile, it will not be regenerated
[INFO] running `Command { std: CARGO_HOME="/workspace/cargo-home" RUSTUP_HOME="/workspace/rustup-home" "/workspace/cargo-home/bin/cargo" "+e6e4f7ed1589e03bc2f6c5931c1a72e7947e8682" "fetch" "--manifest-path" "Cargo.toml", kill_on_drop: false }`
[INFO] [stderr] warning: unused manifest key: dependencies.windows.bindings
[INFO] [stderr]     Blocking waiting for file lock on package cache
[INFO] [stderr]     Updating crates.io index
[INFO] running `Command { std: "docker" "create" "-v" "/var/lib/crater-agent-workspace/builds/worker-1-tc2/target:/opt/rustwide/target:rw,Z" "-v" "/var/lib/crater-agent-workspace/builds/worker-1-tc2/source:/opt/rustwide/workdir:ro,Z" "-v" "/var/lib/crater-agent-workspace/cargo-home:/opt/rustwide/cargo-home:ro,Z" "-v" "/var/lib/crater-agent-workspace/rustup-home:/opt/rustwide/rustup-home:ro,Z" "-e" "SOURCE_DIR=/opt/rustwide/workdir" "-e" "CARGO_TARGET_DIR=/opt/rustwide/target" "-e" "CARGO_HOME=/opt/rustwide/cargo-home" "-e" "RUSTUP_HOME=/opt/rustwide/rustup-home" "-w" "/opt/rustwide/workdir" "-m" "1610612736" "--user" "0:0" "--network" "none" "ghcr.io/rust-lang/crates-build-env/linux@sha256:19e73879b68f455e41552ea35293514db52ea292d993f571636dbffedb77a1ee" "/opt/rustwide/cargo-home/bin/cargo" "+e6e4f7ed1589e03bc2f6c5931c1a72e7947e8682" "metadata" "--no-deps" "--format-version=1", kill_on_drop: false }`
[INFO] [stdout] cc55c87c0b0f0ec918428262beaaffe9921d2ac18382a9a1d1dabe0e72d7f9fe
[INFO] running `Command { std: "docker" "start" "-a" "cc55c87c0b0f0ec918428262beaaffe9921d2ac18382a9a1d1dabe0e72d7f9fe", kill_on_drop: false }`
[INFO] running `Command { std: "docker" "inspect" "cc55c87c0b0f0ec918428262beaaffe9921d2ac18382a9a1d1dabe0e72d7f9fe", kill_on_drop: false }`
[INFO] running `Command { std: "docker" "rm" "-f" "cc55c87c0b0f0ec918428262beaaffe9921d2ac18382a9a1d1dabe0e72d7f9fe", kill_on_drop: false }`
[INFO] [stdout] cc55c87c0b0f0ec918428262beaaffe9921d2ac18382a9a1d1dabe0e72d7f9fe
[INFO] running `Command { std: "docker" "create" "-v" "/var/lib/crater-agent-workspace/builds/worker-1-tc2/target:/opt/rustwide/target:rw,Z" "-v" "/var/lib/crater-agent-workspace/builds/worker-1-tc2/source:/opt/rustwide/workdir:ro,Z" "-v" "/var/lib/crater-agent-workspace/cargo-home:/opt/rustwide/cargo-home:ro,Z" "-v" "/var/lib/crater-agent-workspace/rustup-home:/opt/rustwide/rustup-home:ro,Z" "-e" "SOURCE_DIR=/opt/rustwide/workdir" "-e" "CARGO_TARGET_DIR=/opt/rustwide/target" "-e" "CARGO_INCREMENTAL=0" "-e" "RUST_BACKTRACE=full" "-e" "RUSTFLAGS=--cap-lints=forbid" "-e" "RUSTDOCFLAGS=--cap-lints=forbid" "-e" "CARGO_HOME=/opt/rustwide/cargo-home" "-e" "RUSTUP_HOME=/opt/rustwide/rustup-home" "-w" "/opt/rustwide/workdir" "-m" "1610612736" "--user" "0:0" "--network" "none" "ghcr.io/rust-lang/crates-build-env/linux@sha256:19e73879b68f455e41552ea35293514db52ea292d993f571636dbffedb77a1ee" "/opt/rustwide/cargo-home/bin/cargo" "+e6e4f7ed1589e03bc2f6c5931c1a72e7947e8682" "check" "--frozen" "--all" "--all-targets" "--message-format=json", kill_on_drop: false }`
[INFO] [stdout] 50faf266357214692457cfddf908aa507e99b2e17f6f37aa5d80441d1666e3c9
[INFO] running `Command { std: "docker" "start" "-a" "50faf266357214692457cfddf908aa507e99b2e17f6f37aa5d80441d1666e3c9", kill_on_drop: false }`
[INFO] [stderr] warning: unused manifest key: dependencies.windows.bindings
[INFO] [stderr]     Checking windows v0.32.0
[INFO] [stdout] error[E0433]: failed to resolve: could not find `windows` in `os`
[INFO] [stdout]     --> /opt/rustwide/cargo-home/registry/src/index.crates.io-6f17d22bba15001f/windows-0.32.0/src/Windows/Win32/Foundation/mod.rs:5992:22
[INFO] [stdout]      |
[INFO] [stdout] 5992 |         use std::os::windows::ffi::OsStrExt;
[INFO] [stdout]      |                      ^^^^^^^ could not find `windows` in `os`
[INFO] [stdout] 
[INFO] [stdout] 
[INFO] [stdout] error[E0433]: failed to resolve: could not find `windows` in `os`
[INFO] [stdout]     --> /opt/rustwide/cargo-home/registry/src/index.crates.io-6f17d22bba15001f/windows-0.32.0/src/core/bindings.rs:1517:22
[INFO] [stdout]      |
[INFO] [stdout] 1517 |         use std::os::windows::ffi::OsStrExt;
[INFO] [stdout]      |                      ^^^^^^^ could not find `windows` in `os`
[INFO] [stdout] 
[INFO] [stdout] 
[INFO] [stdout] error[E0599]: no method named `encode_wide` found for reference `&OsStr` in the current scope
[INFO] [stdout]     --> /opt/rustwide/cargo-home/registry/src/index.crates.io-6f17d22bba15001f/windows-0.32.0/src/Windows/Win32/Foundation/mod.rs:5993:104
[INFO] [stdout]      |
[INFO] [stdout] 5993 | ...ore::alloc::boxed::Box::<[u16]>::into_raw(self.encode_wide().chain(::core::iter::once(0)).collect::<::windows::core::alloc::vec::Vec<u...
[INFO] [stdout]      |                                                   ^^^^^^^^^^^ method not found in `&OsStr`
[INFO] [stdout] 
[INFO] [stdout] 
[INFO] [stdout] error[E0599]: no method named `encode_wide` found for reference `&OsStr` in the current scope
[INFO] [stdout]     --> /opt/rustwide/cargo-home/registry/src/index.crates.io-6f17d22bba15001f/windows-0.32.0/src/core/bindings.rs:1518:104
[INFO] [stdout]      |
[INFO] [stdout] 1518 | ...ore::alloc::boxed::Box::<[u16]>::into_raw(self.encode_wide().chain(::core::iter::once(0)).collect::<::windows::core::alloc::vec::Vec<u...
[INFO] [stdout]      |                                                   ^^^^^^^^^^^ method not found in `&OsStr`
[INFO] [stdout] 
[INFO] [stdout] 
[INFO] [stdout] error: aborting due to 4 previous errors
[INFO] [stdout] 
[INFO] [stdout] 
[INFO] [stdout] Some errors have detailed explanations: E0433, E0599.
[INFO] [stdout] 
[INFO] [stdout] For more information about an error, try `rustc --explain E0433`.
[INFO] [stdout] 
[INFO] [stderr] error: could not compile `windows` (lib) due to 5 previous errors
[INFO] running `Command { std: "docker" "inspect" "50faf266357214692457cfddf908aa507e99b2e17f6f37aa5d80441d1666e3c9", kill_on_drop: false }`
[INFO] running `Command { std: "docker" "rm" "-f" "50faf266357214692457cfddf908aa507e99b2e17f6f37aa5d80441d1666e3c9", kill_on_drop: false }`
[INFO] [stdout] 50faf266357214692457cfddf908aa507e99b2e17f6f37aa5d80441d1666e3c9
